ivide 4115684?
True
Does 3 divide 11720489?
False
Does 26 divide 203720023?
False
Does 5 divide 62151505?
True
Does 631 divide 503426654?
False
Does 798 divide 6069588?
True
Does 2295 divide 97955190?
True
Is 27 a factor of 70488409?
False
Is 96152432 a multiple of 1954?
True
Is 23 a factor of 500451733?
True
Does 63 divide 10465420?
False
Does 2724 divide 1278182658?
False
Does 14 divide 37996518?
True
Is 12 a factor of 425667402?
False
Is 21 a factor of 1790023326?
True
Does 362 divide 24002772?
True
Does 9 divide 100918584?
True
Is 12715947 a multiple of 81?
True
Does 61 divide 2285619?
False
Is 34060908 a multiple of 332?
False
Does 1378 divide 26964511?
False
Is 5890583 a multiple of 682?
False
Is 5 a factor of 23434315?
True
Does 83 divide 67742013?
False
Does 6 divide 54709097?
False
Is 22 a factor of 30649982?
True
Is 20 a factor of 683869140?
True
Is 177 a factor of 18492938?
False
Is 53 a factor of 4193907?
False
Is 70854664 a multiple of 4?
True
Does 122 divide 132348894?
True
Is 459714240 a multiple of 10?
True
Does 20 divide 20132000?
True
Is 49 a factor of 419778051?
True
Is 846645914 a multiple of 3903?
False
Is 37867140 a multiple of 142?
True
Is 217 a factor of 650760603?
False
Is 3 a factor of 6758451?
True
Is 163 a factor of 1494547?
True
Is 21341340 a multiple of 36?
True
Is 107051784 a multiple of 53?
False
Does 85 divide 25902645?
True
Is 46 a factor of 768742994?
False
Is 7 a factor of 164383457?
True
Is 540 a factor of 60522120?
True
Is 9435580 a multiple of 557?
True
Is 525942558 a multiple of 7?
False
Does 25 divide 13834950?
True
Is 60 a factor of 710039940?
True
Is 7 a factor of 687615453?
True
Is 3 a factor of 38269053?
True
Does 165 divide 2404611953?
False
Is 14 a factor of 15500226?
True
Does 1572 divide 25521459?
False
Does 73 divide 54011751?
True
Is 866 a factor of 1625934918?
True
Does 3 divide 10779039?
True
Is 1771 a factor of 17466948?
False
Is 3 a factor of 9325842?
True
Does 195 divide 5428995?
True
Is 21 a factor of 20396145?
True
Is 267496280 even?
True
Is 255610 a multiple of 17?
False
Is 7075992 a multiple of 264?
True
Is 535529682 a multiple of 4148?
False
Is 9 a factor of 150913784?
False
Does 720 divide 109092240?
True
Does 4586 divide 1428451905?
False
Does 40 divide 214962280?
True
Does 117 divide 51012?
True
Is 24836343 a multiple of 23?
True
Does 123 divide 5267967?
True
Does 1448 divide 1524846808?
True
Does 19 divide 207938033?
True
Is 24469530 a multiple of 38?
True
Is 1772 a factor of 28334280?
True
Is 12 a factor of 132159360?
True
Is 13287385 a multiple of 16?
False
Is 17 a factor of 1248819628?
False
Is 8 a factor of 20445898?
False
Does 16 divide 100582181?
False
Is 11 a factor of 32208993?
False
Is 186527883 a multiple of 19?
True
Is 66 a factor of 135957822?
True
Is 23 a factor of 6477467?
True
Is 646 a factor of 211183260?
False
Is 37190718 a multiple of 54?
True
Is 9 a factor of 1466390086?
False
Is 39346945 a multiple of 1095?
False
Does 167 divide 348059563?
True
Does 478 divide 22083506?
False
Does 1200 divide 34430193?
False
Is 78 a factor of 1538903891?
False
Is 11 a factor of 1645520756?
True
Is 7340928 a multiple of 47?
False
Does 212 divide 220420852?
True
Is 23 a factor of 93875859?
False
Is 11 a factor of 152905787?
False
Does 3 divide 271453477?
False
Is 13 a factor of 32011054?
False
Does 1750 divide 494108172?
False
Is 396445809 a multiple of 2836?
False
Is 112803768 a multiple of 84?
True
Is 16 a factor of 1475041185?
False
Is 72930700 a multiple of 851?
True
Is 162480881 a multiple of 692?
False
Is 545708352 a multiple of 8904?
True
Is 1158598303 a multiple of 7?
False
Is 346215577 a multiple of 531?
False
Does 2391 divide 113142188?
False
Is 144 a factor of 2992142?
False
Is 21 a factor of 1950766461?
True
Is 956436 a multiple of 78?
True
Is 349231113 a multiple of 3901?
False
Does 6 divide 1024384722?
True
Does 123 divide 373176588?
True
Does 27 divide 543036042?
True
Is 108605798 a multiple of 1111?
False
Does 458 divide 1529747022?
True
Is 409614229 even?
False
Is 246 a factor of 3421236?
False
Is 3 a factor of 488365202?
False
Is 54 a factor of 6843412?
False
Does 344 divide 9047544?
True
Is 391265375 a multiple of 2334?
False
Does 13 divide 3944135728?
True
Is 1652 a factor of 23643424?
True
Is 656630748 a multiple of 6?
True
Does 6 divide 94959665?
False
Is 191 a factor of 402714781?
False
Does 8 divide 4143295?
False
Does 19 divide 74156126?
True
Is 1713883674 a multiple of 813?
True
Is 634621465 a multiple of 37?
False
Is 362829416 a multiple of 173?
False
Is 970428888 a multiple of 156?
True
Is 31 a factor of 55833222?
False
Is 3578358 a multiple of 5?
False
Does 97 divide 37693980?
False
Does 364 divide 296137660?
True
Does 6 divide 7873802?
False
Is 12391 a factor of 263593743?
True
Is 16256295 a multiple of 405?
True
Is 93393857 a multiple of 2184?
False
Is 133 a factor of 84200305?
True
Is 808136580 a multiple of 541?
False
Is 452 a factor of 487909466?
False
Is 16140455 even?
False
Does 1608 divide 5527987224?
True
Is 76390283 a multiple of 91?
False
Is 110 a factor of 41226680?
True
Is 228542964 a multiple of 39?
True
Is 9981744 a multiple of 21?
False
Does 4758 divide 1585517856?
True
Is 4477 a factor of 345946918?
False
Does 13 divide 212296590?
False
Is 24444046 a multiple of 22?
True
Does 606 divide 246892112?
False
Does 33 divide 57310506?
True
Is 279558923 a multiple of 4216?
False
Does 170 divide 18604879?
False
Does 44 divide 10515032?
True
Is 292 a factor of 32555080?
True
Does 2257 divide 1025960529?
False
Is 142 a factor of 148272513?
False
Is 16 a factor of 1006779599?
False
Is 477365512 a multiple of 104?
True
Does 1127 divide 21966041?
False
Is 33871548 a multiple of 230?
False
Is 7 a factor of 707904995?
True
Is 31880000 a multiple of 200?
True
Does 198 divide 138459222?
True
Is 22 a factor of 1046648883?
False
Does 3329 divide 761850848?
False
Is 469 a factor of 99580870?
False
Is 99727805 a multiple of 59?
False
Is 27227659 a multiple of 17?
True
Does 31 divide 320876393?
False
Is 9 a factor of 178457688?
True
Does 35 divide 381109988?
False
Does 195 divide 5503929?
False
Does 148 divide 29514550?
False
Is 57651363 a multiple of 759?
True
Is 2372 a factor of 3131549167?
False
Is 29 a factor of 490530244?
True
Is 11 a factor of 2172377999?
True
Is 963 a factor of 77506360?
False
Is 876353955 a multiple of 193?
False
Is 1612407082 a multiple of 5863?
True
Does 72 divide 471057768?
True
Does 23 divide 176698039?
False
Is 979 a factor of 57196300?
False
Is 166 a factor of 52451518?
True
Does 78 divide 428787248?
False
Is 13680723 a multiple of 3?
True
Is 104 a factor of 308756968?
True
Does 2781 divide 4226202913?
False
Is 12 a factor of 64519202?
False
Does 1492 divide 101895030?
False
Is 152987680 a multiple of 17?
False
Does 67 divide 13924208?
True
Does 50 divide 1649702550?
True
Does 1275 divide 1819705500?
True
Does 23 divide 8285934?
True
Is 154988340 a multiple of 6?
True
Is 232144182 a multiple of 93?
True
Does 3 divide 11315881?
False
Is 1811375 a multiple of 19?
False
Is 93032744 a multiple of 14?
True
Is 12 a factor of 6195648?
True
Is 10 a factor of 17833870?
True
Does 1266 divide 115300950?
True
Is 4399856 a multiple of 125?
False
Is 69358512 a multiple of 118?
True
Is 378317366 a multiple of 1006?
True
Is 26 a factor of 729279613?
False
Is 174 a factor of 850755948?
True
Is 380 a factor of 739909400?
True
Is 105746364 a multiple of 51?
False
Is 1999210878 a multiple of 42?
True
Is 1825216 a multiple of 16?
True
Does 94 divide 607766307?
False
Is 66 a factor of 269284902?
False
Is 10164852 a multiple of 108?
True
Does 27 divide 93805363?
False
Is 97383977 a multiple of 100?
False
Does 4 divide 144133144?
True
Does 5 divide 88555339?
False
Is 134484350 a multiple of 175?
True
Is 4 a factor of 514767950?
False
Does 24 divide 76909416?
True
Does 97 divide 557556?
True
Is 1699 a factor of 117783175?
True
Is 261 a factor of 13550196?
False
Is 226191834 a multiple of 121?
True
Does 12 divide 22548654?
False
Is 92079135 a multiple of 11?
False
Does 447 divide 36867898?
False
Is 4660954941 a multiple of 17?
False
Does 27 divide 2396323062?
True
Is 35454004 a multiple of 1303?
False
Is 4700291 a multiple of 29?
True
Does 22 div